{"id":129,"date":"2020-10-06T06:17:28","date_gmt":"2020-10-06T06:17:28","guid":{"rendered":"http:\/\/www.umjl.fss.ukf.sk\/translanguaging\/?page_id=129"},"modified":"2020-10-08T12:37:38","modified_gmt":"2020-10-08T12:37:38","slug":"elerhetosegek","status":"publish","type":"page","link":"http:\/\/www.umjl.fss.ukf.sk\/translanguaging\/elerhetosegek\/","title":{"rendered":"Contact us"},"content":{"rendered":"<p>J\u00e1nos Imre Heltai, Department for Hungarian Linguistics; email:\u00a0\u00a0<a href=\"mailto:heltai.janos@kre.hu\">heltai.janos@kre.hu<\/a><\/p>\n<p>Tam\u00e1s P\u00e9ter Szab\u00f3, Department of Teacher Education; email\u00a0<a href=\"mailto:tamas.p.szabo@jyu.fi\">tamas.p.szabo@jyu.fi<\/a><\/p>\n<p>Eszter Tarsoly, Department SSEES; email\u00a0<a href=\"mailto:tarsoly.eszter.cece@gmail.com\">tarsoly.eszter.cece@gmail.com<\/a><\/p>\n<p>Erika Kerekes-L\u00e9vai,\u00a0 Magiszter Alap\u00edtv\u00e1nyi \u00d3voda, \u00c1ltal\u00e1nos Iskola, Gimn\u00e1zium, Szakgimn\u00e1zium, Szakk\u00f6z\u00e9piskola \u00e9s Alapfok\u00fa M\u00fcv\u00e9szeti Iskola;\u00a0email\u00a0<a href=\"mailto:magiszteriskola@gmail.com\">magiszteriskola@gmail.com<\/a><\/p>\n<p>Blanka L\u00f3thi,\u00a0Jedlik \u00c1nyos Magyar Tan\u00edt\u00e1si Nyelv\u0171 Alapiskola, Sz\u00edm\u0151;\u00a0email:\u00a0<a href=\"mailto:zs.jedlik@gmail.com\">zs.jedlik@gmail.com<\/a><\/p>\n<p>Ildik\u00f3 Van\u010do, Institut of Hungarian Linguistics and Literature Sciences; email:\u00a0<a href=\"mailto:ivanco@ukf.sk\">ivanco@ukf.sk<\/a><\/p>\n","protected":false},"excerpt":{"rendered":"<p>J\u00e1nos Imre Heltai, Department for Hungarian Linguistics; email:\u00a0\u00a0heltai.janos@kre.hu Tam\u00e1s P\u00e9ter Szab\u00f3, Department of Teacher Education; email\u00a0tamas.p.szabo@jyu.fi Eszter Tarsoly, Department SSEES; email\u00a0tarsoly.eszter.cece@gmail.com Erika Kerekes-L\u00e9vai,\u00a0 Magiszter Alap\u00edtv\u00e1nyi \u00d3voda, \u00c1ltal\u00e1nos Iskola, Gimn\u00e1zium, Szakgimn\u00e1zium, Szakk\u00f6z\u00e9piskola \u00e9s Alapfok\u00fa M\u00fcv\u00e9szeti Iskola;\u00a0email\u00a0magiszteriskola@gmail.com Blanka L\u00f3thi,\u00a0Jedlik \u00c1nyos Magyar Tan\u00edt\u00e1si Nyelv\u0171 Alapiskola, Sz\u00edm\u0151;\u00a0email:\u00a0zs.jedlik@gmail.com Ildik\u00f3 Van\u010do, Institut of Hungarian Linguistics and Literature Sciences; email:\u00a0ivanco@ukf.sk<\/p>\n","protected":false},"author":1,"featured_media":0,"parent":0,"menu_order":0,"comment_status":"closed","ping_status":"closed","template":"","meta":[],"_links":{"self":[{"href":"http:\/\/www.umjl.fss.ukf.sk\/translanguaging\/wp-json\/wp\/v2\/pages\/129"}],"collection":[{"href":"http:\/\/www.umjl.fss.ukf.sk\/translanguaging\/wp-json\/wp\/v2\/pages"}],"about":[{"href":"http:\/\/www.umjl.fss.ukf.sk\/translanguaging\/wp-json\/wp\/v2\/types\/page"}],"author":[{"embeddable":true,"href":"http:\/\/www.umjl.fss.ukf.sk\/translanguaging\/wp-json\/wp\/v2\/users\/1"}],"replies":[{"embeddable":true,"href":"http:\/\/www.umjl.fss.ukf.sk\/translanguaging\/wp-json\/wp\/v2\/comments?post=129"}],"version-history":[{"count":2,"href":"http:\/\/www.umjl.fss.ukf.sk\/translanguaging\/wp-json\/wp\/v2\/pages\/129\/revisions"}],"predecessor-version":[{"id":188,"href":"http:\/\/www.umjl.fss.ukf.sk\/translanguaging\/wp-json\/wp\/v2\/pages\/129\/revisions\/188"}],"wp:attachment":[{"href":"http:\/\/www.umjl.fss.ukf.sk\/translanguaging\/wp-json\/wp\/v2\/media?parent=129"}],"curies":[{"name":"wp","href":"https:\/\/api.w.org\/{rel}","templated":true}]}}

<p>János Imre Heltai, Department for Hungarian Linguistics; email:  <a href="mailto:heltai.janos@kre.hu">heltai.janos@kre.hu</a></p>
<p>Tamás Péter Szabó, Department of Teacher Education; email <a href="mailto:tamas.p.szabo@jyu.fi">tamas.p.szabo@jyu.fi</a></p>
<p>Eszter Tarsoly, Department SSEES; email <a href="mailto:tarsoly.eszter.cece@gmail.com">tarsoly.eszter.cece@gmail.com</a></p>
<p>Erika Kerekes-Lévai,  Magiszter Alapítványi Óvoda, Általános Iskola, Gimnázium, Szakgimnázium, Szakközépiskola és Alapfokú Müvészeti Iskola; email <a href="mailto:magiszteriskola@gmail.com">magiszteriskola@gmail.com</a></p>
<p>Blanka Lóthi, Jedlik Ányos Magyar Tanítási Nyelvű Alapiskola, Szímő; email: <a href="mailto:zs.jedlik@gmail.com">zs.jedlik@gmail.com</a></p>
<p>Ildikó Vančo, Institut of Hungarian Linguistics and Literature Sciences; email: <a href="mailto:ivanco@ukf.sk">ivanco@ukf.sk</a></p>

<p>János Imre Heltai, Department for Hungarian Linguistics; email:  heltai.janos@kre.hu Tamás Péter Szabó, Department of Teacher Education; email tamas.p.szabo@jyu.fi Eszter Tarsoly, Department SSEES; email tarsoly.eszter.cece@gmail.com Erika Kerekes-Lévai,  Magiszter Alapítványi Óvoda, Általános Iskola, Gimnázium, Szakgimnázium, Szakközépiskola és Alapfokú Müvészeti Iskola; email magiszteriskola@gmail.com Blanka Lóthi, Jedlik Ányos Magyar Tanítási Nyelvű Alapiskola, Szímő; email: zs.jedlik@gmail.com Ildikó Vančo, Institut of Hungarian Linguistics and Literature Sciences; email: ivanco@ukf.sk</p>
